?
38
Calculate the greatest common factor of 936 and 41112.
72
What is the greatest common factor of 57 and 15599?
19
What is the greatest common factor of 28635 and 2415?
345
What is the highest common factor of 34071 and 287?
41
Calculate the highest common factor of 295966 and 22.
22
Calculate the highest common factor of 21466 and 4.
2
Calculate the greatest common factor of 46 and 61019.
23
What is the highest common divisor of 163602 and 14274?
1098
What is the greatest common divisor of 19027 and 106?
53
Calculate the highest common divisor of 4500 and 64725.
75
What is the highest common divisor of 1781100 and 3150?
450
What is the greatest common divisor of 8860 and 70?
10
Calculate the greatest common divisor of 19573 and 153180.
851
Calculate the greatest common factor of 792 and 140472.
72
What is the highest common factor of 7392 and 3536?
16
Calculate the highest common divisor of 369 and 2046228.
123
Calculate the greatest common divisor of 65828 and 140.
28
What is the highest common factor of 311913 and 378?
63
What is the highest common divisor of 847 and 4501?
7
Calculate the highest common divisor of 4672 and 9928.
584
Calculate the highest common factor of 415686 and 174.
174
Calculate the greatest common factor of 9694 and 16502.
74
Calculate the greatest common factor of 21352 and 5066.
34
What is the greatest common divisor of 138096 and 4795?
959
Calculate the greatest common factor of 50531 and 8671.
299
Calculate the highest common factor of 5203 and 1089.
121
What is the highest common divisor of 1353 and 561?
33
What is the greatest common factor of 690954 and 286?
22
Calculate the greatest common divisor of 9136 and 944.
16
What is the highest common factor of 4043 and 104?
13
What is the highest common divisor of 3240 and 4040?
40
What is the greatest common factor of 3872 and 664532?
484
Calculate the highest common factor of 18497 and 1047.
349
Calculate the highest common factor of 9620 and 3404.
148
What is the highest common factor of 240 and 1556520?
120
Calculate the greatest common divisor of 173171 and 157.
157
What is the greatest common divisor of 258500 and 2000?
500
Calculate the greatest common factor of 558948 and 351.
39
Calculate the greatest common divisor of 1120 and 2415.
35
Calculate the greatest common divisor of 343 and 10472.
7
What is the greatest common factor of 832 and 78897?
13
What is the highest common factor of 50068 and 8?
4
What is the greatest common divisor of 270 and 772038?
54
Calculate the greatest common factor of 519 and 71276.
173
Calculate the greatest common divisor of 28372 and 164.
164
Calculate the greatest common factor of 408 and 2698920.
408
What is the highest common factor of 3422 and 1073?
29
What is the highest common factor of 10058 and 963?
107
What is the highest common factor of 80 and 17032?
8
Calculate the greatest common divisor of 17745 and 2520.
105
Calculate the greatest common divisor of 6357 and 19617.
39
Calculate the highest common factor of 2400804 and 49.
49
Calculate the greatest common divisor of 384283 and 673.
673
Calculate the greatest common divisor of 297 and 360789.
33
What is the greatest common divisor of 50 and 1417450?
50
What is the greatest common factor of 3834 and 10082?
142
Calculate the greatest common factor of 626485 and 15.
5
Calculate the highest common factor of 2171 and 4313777.
2171
Calculate the highest common factor of 136906 and 32.
2
Calculate the greatest common divisor of 273384 and 72.
72
What is the greatest common factor of 42 and 560238?
42
What is the greatest common divisor of 53650 and 2378?
58
Calculate the highest common divisor of 6 and 35817.
3
Calculate the highest common factor of 30349 and 3069.
341
Calculate the highest common factor of 73476 and 468.
468
Calculate the greatest common divisor of 2453 and 87639.
223
Calculate the greatest common factor of 11804 and 117.
13
What is the highest common divisor of 22227 and 38874?
93
What is the highest common divisor of 1941424 and 11963?
1709
What is the greatest common divisor of 468 and 43368?
156
Calculate the highest common factor of 64040 and 80.
40
What is the greatest common divisor of 3675 and 1519?
49
Calculate the greatest common divisor of 13821 and 289428.
813
Calculate the greatest common divisor of 265 and 68665.
5
What is the greatest common factor of 24186 and 696?
174
Calculate the highest common factor of 1596 and 195909.
399
What is the greatest common divisor of 56423 and 17?
17
What is the highest common factor of 47830 and 3330?
10
Calculate the greatest common divisor of 3591630 and 30.
30
Calculate the highest common divisor of 36851 and 86.
43
What is the highest common factor of 909007 and 374?
187
Calculate the greatest common divisor of 576856 and 700.
28
Calculate the greatest common divisor of 1577 and 114.
19
What is the highest common divisor of 192 and 7928?
8
What is the highest common factor of 368 and 86296?
184
What is the greatest common divisor of 4279 and 97639?
389
Calculate the greatest common factor of 490 and 113750.
70
Calculate the highest common factor of 1661 and 32465.
151
What is the highest common factor of 23268 and 36?
12
Calculate the highest common divisor of 3670 and 80.
10
What is the greatest common factor of 42 and 1002492?
6
Calculate the highest common divisor of 1083040 and 700.
140
Calculate the greatest common divisor of 7056 and 49294.
98
What is the highest common factor of 1485828 and 1341?
1341
Calculate the highest common divisor of 83496 and 903.
21
What is the highest common divisor of 23937 and 4503?
237
Calculate the highest common divisor of 220 and 1290410.
110
What is the greatest common divisor of 432 and 12015?
27
What is the highest common factor of 170 and 816?
34
What is the highest common factor of 14 and 81452?
14
What is the highest common factor of 312 and 46514?
26
What is the highest common factor of 408 and 96492?
204
Calculate the greatest common divisor of 24807 and 3.
3
Calculate the greatest common divisor of 720 and 21750.
30
Calculate the greatest common factor of 1618 and 319555.
809
What is the greatest common factor of 10 and 15041780?
10
What is the greatest common factor of 7 and 2423?
1
What is the highest common divisor of 485990 and 230?
230
Calculate the highest common divisor of 2278 and 2680.
134
What is the greatest common divisor of 632018 and 1004?
502
Calculate the greatest common divisor of 621770 and 24358.
1282
Calculate the greatest common divisor of 184 and 126776.
184
What is the greatest common factor of 638 and 66?
22
Calculate the highest common factor of 36078 and 1050.
42
Calculate the greatest common divisor of 4899 and 646881.
213
Calculate the highest common factor of 43091 and 33632.
1051
Calculate the highest common factor of 928 and 2117.
29
Calculate the greatest common factor of 306 and 11407.
17
What is the greatest common divisor of 272 and 2592?
16
What is the highest common divisor of 896 and 3772?
4
What is the highest common divisor of 45 and 554787?
9
What is the greatest common divisor of 192 and 16248?
24
What is the greatest common divisor of 3575 and 17017?
143
Calculate the highest common factor of 57 and 1920444.
57
What is the highest common divisor of 519268 and 688?
172
What is the greatest common divisor of 79110 and 180?
90
Calculate the highest common divisor of 400281 and 3501.
1167
What is the greatest common factor of 12782 and 1909?
83
What is the highest common factor of 81 and 1007019?
27
Calculate the highest common divisor of 98835 and 11.
11
What is the highest common factor of 9393 and 372?
93
Calculate the highest common divisor of 10290 and 1995.
105
Calculate the greatest common factor of 1799 and 130813.
257
Calculate the greatest common factor of 106 and 3657.
53
Calculate the highest common divisor of 48180 and 3660.
60
Calculate the greatest common factor of 239612 and 444.
148
Calculate the greatest common factor of 22 and 1243.
11
Calculate the greatest common divisor of 56616 and 1344.
168
What is the greatest common factor of 3082 and 13846?
46
What is the highest common divisor of 4483993 and 37?
37
What is the highest common divisor of 10779493 and 61?
61
Calculate the greatest co